9 a prime number?
True
Is 14927561851 prime?
True
Is 22228939 composite?
False
Is 7173714551 a prime number?
True
Is 7040114993 a prime number?
False
Is 23231003 prime?
True
Is 148806653 a prime number?
False
Is 13258155497 a prime number?
False
Is 25882949 a composite number?
False
Is 883924313 a composite number?
False
Is 55534645343 composite?
True
Is 1449831601 a prime number?
False
Is 182226883 a prime number?
True
Is 45601184173 a prime number?
False
Is 11514843251 composite?
False
Is 9228426029 a prime number?
True
Is 8010070823 prime?
False
Is 6802587262 a prime number?
False
Is 1518826273 a prime number?
True
Is 9590261653 a prime number?
False
Is 39830584874 a composite number?
True
Is 2525504279 a composite number?
False
Is 2343365641 a prime number?
False
Is 3482464147 a prime number?
True
Is 8225551 a prime number?
True
Is 336519273221 composite?
False
Is 40262710799 a prime number?
True
Is 441786061 a composite number?
False
Is 66919751221 a composite number?
False
Is 9187395769 composite?
True
Is 4942900874 composite?
True
Is 2389006453 a composite number?
True
Is 30041621473 composite?
False
Is 1677836431 prime?
True
Is 2106724773 a prime number?
False
Is 711079751 prime?
True
Is 18446480413 composite?
False
Is 39900159959 composite?
True
Is 27990339437 a prime number?
True
Is 2306624773 a prime number?
True
Is 6640658399 composite?
False
Is 638381663 prime?
True
Is 4792194503 prime?
False
Is 44414065919 composite?
False
Is 2073195557 a composite number?
True
Is 41666318477 composite?
True
Is 18714392587 composite?
True
Is 15566379 a composite number?
True
Is 39084817 composite?
True
Is 133127890003 prime?
True
Is 369746947 composite?
True
Is 3996386222 prime?
False
Is 20494560839 composite?
False
Is 72951803 prime?
False
Is 86414291 composite?
True
Is 36206175791 a prime number?
False
Is 3547493917 prime?
False
Is 205663123 prime?
True
Is 75378390017 a composite number?
True
Is 8506313201 a prime number?
True
Is 545780441 prime?
True
Is 1009469321 a prime number?
False
Is 1188964685 prime?
False
Is 10671656627 a prime number?
True
Is 133724467 composite?
True
Is 6933372431 composite?
True
Is 992164053 composite?
True
Is 5753035157 a composite number?
False
Is 599148647 a composite number?
False
Is 2447875379 a prime number?
True
Is 1332638599 composite?
False
Is 9021532991 prime?
True
Is 3916131901 a prime number?
False
Is 4657626251 a composite number?
False
Is 320521303 composite?
True
Is 3713879203 composite?
False
Is 87428484817 a prime number?
False
Is 11754789073 composite?
False
Is 3585161942 prime?
False
Is 140063327 composite?
False
Is 9447832343 composite?
False
Is 4908639661 a composite number?
True
Is 9233962711 prime?
False
Is 92819647391 a composite number?
False
Is 898657777 a composite number?
True
Is 153058991 a prime number?
True
Is 42562546207 prime?
True
Is 24550876054 prime?
False
Is 654000401 prime?
False
Is 838820299 a composite number?
False
Is 1209774317 composite?
False
Is 23052121867 prime?
False
Is 6323764687 a prime number?
False
Is 170931679 prime?
True
Is 25354396381 a prime number?
True
Is 1699484177 composite?
False
Is 4132359535 prime?
False
Is 28149883163 prime?
False
Is 870370103 composite?
False
Is 1062512519 composite?
True
Is 1363646639 composite?
False
Is 381397781 a composite number?
True
Is 57471389 a prime number?
True
Is 815463811 prime?
True
Is 916267745 prime?
False
Is 162289575401 a composite number?
False
Is 545136247 a prime number?
True
Is 11352318209 composite?
True
Is 1194306361 composite?
False
Is 22429355957 composite?
False
Is 386418647 a prime number?
True
Is 539216381 prime?
False
Is 3947638913 a composite number?
False
Is 4213845079 a prime number?
False
Is 96606123 a composite number?
True
Is 48750436178 a composite number?
True
Is 53564349247 a prime number?
False
Is 95925148139 prime?
True
Is 114159098315 a prime number?
False
Is 1279611307 a prime number?
False
Is 947013289 a prime number?
False
Is 10346812813 a composite number?
False
Is 3186781363 prime?
True
Is 798700993 a composite number?
True
Is 1637609423 a prime number?
False
Is 743340427835 prime?
False
Is 14186238029 a composite number?
False
Is 44733035155 prime?
False
Is 18295245313 a prime number?
False
Is 1551262423 composite?
True
Is 536681063 composite?
True
Is 811288481 a prime number?
True
Is 2263699001 a prime number?
False
Is 1331547689 a composite number?
False
Is 147237667 a composite number?
True
Is 14948346901 prime?
False
Is 162457232447 prime?
False
Is 2776193179 a composite number?
False
Is 3413489837 composite?
False
Is 34825604501 a composite number?
True
Is 37691857289 prime?
True
Is 109617671 a composite number?
True
Is 64111321003 a composite number?
True
Is 20700132547 a prime number?
True
Is 6193770059 a prime number?
False
Is 78303958469 composite?
True
Is 2669083258 composite?
True
Is 134573365789 a composite number?
False
Is 595380871 prime?
True
Is 45895823623 prime?
False
Is 155297129161 prime?
True
Is 53769384583 a prime number?
True
Is 109979289127 prime?
True
Is 341927351 a prime number?
False
Is 242390429 prime?
False
Is 1760756089 a composite number?
True
Is 870009923 a composite number?
False
Is 517986617 a prime number?
False
Is 3719279471 composite?
False
Is 942188194 prime?
False
Is 8466016309 composite?
True
Is 128032630667 composite?
False
Is 117662923849 a prime number?
True
Is 120830077673 a prime number?
True
Is 45905053291 prime?
True
Is 1609105909 a composite number?
True
Is 745734569 composite?
True
Is 16970234707 composite?
True
Is 3170201801 composite?
True
Is 7803037961 composite?
True
Is 631540409 prime?
False
Is 30904594043 composite?
False
Is 62724482827 prime?
False
Is 367225903 prime?
False
Is 497619641 a composite number?
False
Is 354197863 a composite number?
True
Is 384399497 prime?
False
Is 36284748359 a prime number?
True
Is 36899639329 a prime number?
False
Is 16795174001 a composite number?
True
Is 68333676409 a composite number?
True
Is 338378995 a composite number?
True
Is 1208330591 a composite number?
True
Is 623299357 a composite number?
True
Is 9179097377 composite?
True
Is 32911799 a composite number?
True
Is 14929309 prime?
True
Is 843654719 composite?
False
Is 902075611 composite?
False
Is 134485513 composite?
True
Is 20961039193 a composite number?
False
Is 15258590947 composite?
False
Is 674794879 a prime number?
False
Is 46229951567 a prime number?
True
Is 17924981527 composite?
True
Is 147533777 a composite number?
False
Is 3336536429 a prime number?
True
Is 7740077 composite?
False
Is 18471469063 prime?
False
Is 3039079313 prime?
True
Is 53862709 composite?
True
Is 845358301 a composite number?
False
Is 424896337 composite?
False
Is 2416716493 composite?
False
Is 524537593 prime?
True
Is 240659249 a prime number?
True
Is 8839240535 composite?
True
Is 813989107 a composite number?
False
Is 22949263 a composite number?
True
Is 14078371631 a composite number?
False
Is 3674769815 a prime number?
False
Is 9326317277 composite?
False
Is 696442697 prime?
False
Is 77323142263 prime?
True
Is 19192520617 prime?
False
Is 611542565 prime?
False
Is 69556871 a prime number?
True
Is 1549969367 prime?
False
Is 347884811 prime?
True
Is 2873675141 a prime number?
True
Is 11807682235 prime?
False
Is 118784791 a prime number?
False
Is 95298221 a prime number?
True
Is 3773215463 composite?
True
Is 2918294765 a composite number?
True
Is 5861500459 a composite number?
True
Is 9611771327 prime?
False
Is 56763517 a composite number?
True
Is 49383431387 prime?
True
Is 3052297927 a composite number?
True
Is 488492027 composite?
False
Is 214701049 prime?
True
Is 1339998631 composite?
False
Is 3694994969 a prime number?
True
Is 38529407 a prime number?
False
Is 8047873499 a prime number?
False
Is 19015344329 a composite number?
False
Is 128083279 prime?
False
Is 2867925509 composite?
False
Is 105045887327 prime?
False
Is 7548708443 prime?
False
Is 165401091631 prime?
False
Is 900171799 a prime number?
True
Is 7969782319 composite?
True
Is 7393016321 composite?
True
Is 11121897533 prime?
True
Is 57211043 composite?
False
Is 6263386249 composite?
False
Is 6557297911 composite?
True
Is 6887357447 a prime number?
False
Is 20084594771 composite?
True
Is 2088570